{"id":1185,"date":"2025-09-24T17:10:42","date_gmt":"2025-09-24T15:10:42","guid":{"rendered":"https:\/\/alphabet-igny.fr\/?page_id=1185"},"modified":"2025-09-24T17:10:42","modified_gmt":"2025-09-24T15:10:42","slug":"informations-pratiques-09-25","status":"publish","type":"page","link":"https:\/\/alphabet-igny.fr\/?page_id=1185","title":{"rendered":"Informations pratiques 09\/25"},"content":{"rendered":"\n<h2 class=\"wp-block-heading\">Contacts<\/h2>\n\n\n\n<p class=\"bouton envoyer-message\"><a href=\"http:\/\/alphabet-igny.fr\/?page_id=169\" data-type=\"page\" data-id=\"169\" target=\"_blank\" rel=\"noreferrer noopener\">Demande de renseignement<\/a> <\/p>\n\n\n\n<p class=\"adresse\"> Association Alphabet-Igny    <br> Mairie d\u2019Igny    <br> 23 avenue de le Division Leclerc<br> 91430 IGNY<\/p>\n\n\n\n<p class=\"tel-mel\">T\u00e9l. : <strong> <\/strong>   01 85 41 09 32<br>Mel :     association@alphabet-igny.fr<\/p>\n\n\n\n<h2 class=\"wp-block-heading\">Lieu des cours<\/h2>\n\n\n\n<p>Les cours se d\u00e9roulent dans 2 salles mises \u00e0 disposition par la commune d\u2019Igny :<\/p>\n\n\n\n<ul class=\"wp-block-list\">\n<li>15 rue Jules Ferry salle Langevin (\u00e0 c\u00f4t\u00e9 de l&rsquo;\u00e9cole)<\/li>\n<\/ul>\n\n\n\n<ul><li>Rue du Docteur Schweitzer (entresol du n\u00b0 6\/8)<\/li><\/ul> <br>\n\n\n\n<h2 class=\"wp-block-heading\">D\u00e9roulement pratique des cours<\/h2>\n\n\n\n<p>Les cours se d\u00e9roulent sur une ann\u00e9e scolaire, de septembre \u00e0 juin, hors vacances scolaires.<\/p>\n\n\n\n<p>Ils ont lieu le matin, l\u2019apr\u00e8s-midi ou le soir en fonction de la disponibilit\u00e9 de l\u2019\u00e9tudiant et de l\u2019enseignant.<\/p>\n\n\n\n<p>Les jours et heures de cours sont d\u00e9finis d\u2019un commun accord entre l\u2019\u00e9tudiant et l\u2019association.<\/p>\n\n\n\n<p>La dur\u00e9e d\u2019un cours est d\u2019environ 1h15. Un \u00e9tudiant peut s\u2019inscrire pour 1 \u00e0 3 cours par semaine.<\/p>\n\n\n\n<p> Les cours peuvent \u00eatre individuels ou organis\u00e9s par groupe de 4 personnes maximum et de niveau \u00e9quivalent.<\/p><br>\n\n\n\n<h2 class=\"wp-block-heading\">Inscription<\/h2>\n\n\n\n<p>Un \u00e9tudiant peut s\u2019inscrire tout au long de l\u2019ann\u00e9e scolaire, par contact direct avec l\u2019association.<\/p>\n\n\n\n<p> Cependant, pour une meilleure organisation, il est pr\u00e9f\u00e9rable de privil\u00e9gier une inscription d\u00e8s d\u00e9but septembre :<\/p>\n\n\n\n<ul class=\"wp-block-list\">\n<li>soit au forum des associations organis\u00e9 par la ville d\u2019Igny, o\u00f9 Alphabet-Igny tient un stand,<\/li>\n<\/ul>\n\n\n\n<ul><li> soit directement dans une des 2 salles de cours, \u00e0 des dates annonc\u00e9es en page \u00ab accueil \u00bb du site internet de l\u2019association.<\/li><\/ul><br>\n\n\n\n<h2 class=\"wp-block-heading\">Tarifs<\/h2>\n\n\n\n<p>Les frais de scolarit\u00e9 sont de :<\/p>\n\n\n\n<ul class=\"wp-block-list\">\n<li> 15 \u20ac par an pour 1 cours par semaine,<\/li>\n<\/ul>\n\n\n\n<ul class=\"wp-block-list\">\n<li> 20 \u20ac par an pour 2 cours et plus par semaine.<\/li>\n<\/ul>\n\n\n\n<p>Un montant forfaitaire de 15 \u20ac \u00e0 titre de participation, est demand\u00e9 par livre fourni (grammaire, communication, vocabulaire, \u2026)<br><\/p><br>\n\n\n\n<h2 class=\"wp-block-heading\">Devenir membre de l\u2019association<\/h2>\n\n\n\n<p>Les membres de l&rsquo;association sont enseignants, \u00e9crivains publics ou participent au fonctionnement de l&rsquo;association.<\/p>\n\n\n\n<p>Toute demande d\u2019admission est soumise au bureau de l\u2019association pour agr\u00e9ment.<\/p>\n\n\n\n<p>La cotisation annuelle est fix\u00e9e chaque ann\u00e9e par l\u2019assembl\u00e9e g\u00e9n\u00e9rale cl\u00f4turant l\u2019ann\u00e9e scolaire : 15\u20ac pour l\u2019ann\u00e9e 2022-2023.<\/p>\n\n\n\n<p>Tous les membres de l\u2019association, \u00e0 jour de leur cotisation, peuvent participer aux assembl\u00e9es g\u00e9n\u00e9rales et aux r\u00e9unions pl\u00e9ni\u00e8res. <br><\/p><br>\n\n\n\n<h2 class=\"wp-block-heading\">Devenir b\u00e9n\u00e9vole : enseignant ou \u00e9crivain public<\/h2>\n\n\n\n<p class=\"bouton charte\"><a href=\"http:\/\/alphabet-igny.fr\/?page_id=125\" data-type=\"page\" data-id=\"125\">Charte de l\u2019enseignant<\/a><\/p>\n\n\n<div class=\"wp-block-image\">\n<figure class=\"alignright is-resized\"><img loading=\"lazy\" decoding=\"async\" width=\"500\" height=\"333\" src=\"http:\/\/alphabet-igny.fr\/wp-content\/uploads\/2019\/04\/Schweitzer-Au-tableau.jpg\" alt=\"\" class=\"wp-image-221\" style=\"width:233px;height:154px\" srcset=\"https:\/\/alphabet-igny.fr\/wp-content\/uploads\/2019\/04\/Schweitzer-Au-tableau.jpg 500w, https:\/\/alphabet-igny.fr\/wp-content\/uploads\/2019\/04\/Schweitzer-Au-tableau-300x200.jpg 300w, https:\/\/alphabet-igny.fr\/wp-content\/uploads\/2019\/04\/Schweitzer-Au-tableau-1x1.jpg 1w\" sizes=\"auto, (max-width: 500px) 100vw, 500px\" \/><\/figure>\n<\/div>\n\n\n<p>N\u2019h\u00e9sitez pas \u00e0 prendre contact avec l\u2019association si vous souhaitez consacrer quelques heures par semaine au service de personnes d\u00e9sireuses d\u2019apprendre le fran\u00e7ais ou pour aider \u00e0 r\u00e9diger un document.<\/p>\n\n\n\n<p>L&rsquo;enseignant ou l&rsquo;\u00e9crivain public s\u2019engage \u00e0 assurer cette activit\u00e9 de fa\u00e7on strictement b\u00e9n\u00e9vole.<\/p>\n\n\n\n<p>Devenir b\u00e9n\u00e9vole sous-entend de devenir membre de l\u2019association.<\/p>\n\n\n\n<div style=\"height:20px\" aria-hidden=\"true\" class=\"wp-block-spacer\"><\/div>\n\n\n\n<p><strong>Devenir enseignant<\/strong><\/p>\n\n\n\n<p class=\"has-text-align-left\">Il n\u2019est pas n\u00e9cessaire d\u2019avoir enseign\u00e9 professionnellement pour devenir enseignant b\u00e9n\u00e9vole de l\u2019association. <\/p>\n\n\n\n<p>La qualit\u00e9 principale attendue est d\u2019avoir l\u2019envie de transmettre ses connaissances du fran\u00e7ais, et d\u2019\u00eatre \u00e0 l\u2019\u00e9coute des \u00e9tudiants aux profils souvent tr\u00e8s vari\u00e9s.<\/p>\n\n\n\n<p> Une formation peut \u00eatre propos\u00e9e aux nouveaux enseignants si n\u00e9cessaire.<\/p><br>\n\n\n\n<h2 class=\"wp-block-heading\">Faire un don<\/h2>\n\n\n\n<p>Reconnue comme <strong>organisme d\u2019int\u00e9r\u00eat g\u00e9n\u00e9ral \u00e0 caract\u00e8re \u00e9ducatif<\/strong>, Alphabet-Igny peut recevoir des dons \u00e9ligibles au r\u00e9gime du m\u00e9c\u00e9nat, c\u2019est-\u00e0-dire <strong>d\u00e9ductibles des imp\u00f4ts<\/strong> selon les r\u00e8gles en vigueur au moment du versement des dons.<\/p>\n\n\n\n<p>Ces dons sont n\u00e9cessaires \u00e0 l\u2019association pour accro\u00eetre et diversifier ses ressources financi\u00e8res habituelles (frais de scolarit\u00e9, cotisations, subventions) et lui permettre :<\/p>\n\n\n\n<ul class=\"wp-block-list\">\n<li>d\u2019assurer son fonctionnement courant (achat de livres et de mat\u00e9riel p\u00e9dagogique, assurance, op\u00e9rateur internet, \u2026) pour tenir compte entre autres de la forte croissance des demandes de cours de fran\u00e7ais,<\/li>\n<\/ul>\n\n\n\n<ul class=\"wp-block-list\">\n<li>de ne pas p\u00e9naliser les \u00e9tudiants \u00e0 faibles moyens financiers,<\/li>\n<\/ul>\n\n\n\n<ul class=\"wp-block-list\">\n<li>d\u2019assurer son d\u00e9veloppement, en particulier pour :\n<ul class=\"wp-block-list\">\n<li>une plus large collaboration avec des organismes d\u2019insertion,<\/li>\n\n\n\n<li>une communication plus efficace,<\/li>\n\n\n\n<li>une am\u00e9lioration de ses outils p\u00e9dagogiques,<\/li>\n\n\n\n<li>une am\u00e9lioration de la formation des enseignants b\u00e9n\u00e9voles,<\/li>\n\n\n\n<li>un plus grand nombre d\u2019\u00e9v\u00e9nements conviviaux pour la sociabilisation des \u00e9tudiants et de leurs familles.<\/li>\n<\/ul>\n<\/li>\n<\/ul>\n\n\n\n<div style=\"height:20px\" aria-hidden=\"true\" class=\"wp-block-spacer\"><\/div>\n\n\n\n<p>Un grand merci aux donateurs qui souhaiteraient contribuer ainsi au d\u00e9veloppement de notre association. <br><\/p>\n\n\n\n<p>Vous pouvez envoyer directement vos dons \u00e0 l\u2019adresse de l\u2019association  accompagn\u00e9s de vos coordonn\u00e9es (nom, adresse postale, adresse mail) afin  que nous puissions vous adresser le re\u00e7u fiscal.  <\/p>\n\n\n\n<p><br><\/p>\n","protected":false},"excerpt":{"rendered":"<p>Contacts Demande de renseignement Association Alphabet-Igny Mairie d\u2019Igny 23 avenue de le Division Leclerc 91430 IGNY T\u00e9l. : 01 85 41 09 32Mel : association@alphabet-igny.fr Lieu des cours Les cours se d\u00e9roulent dans 2 salles mises \u00e0 disposition par la commune d\u2019Igny : Rue du Docteur Schweitzer (entresol du n\u00b0 6\/8) D\u00e9roulement pratique des cours [&hellip;]<\/p>\n","protected":false},"author":1,"featured_media":0,"parent":0,"menu_order":4,"comment_status":"closed","ping_status":"closed","template":"full-width.php","meta":{"footnotes":""},"class_list":["post-1185","page","type-page","status-publish","hentry"],"_links":{"self":[{"href":"https:\/\/alphabet-igny.fr\/index.php?rest_route=\/wp\/v2\/pages\/1185","targetHints":{"allow":["GET"]}}],"collection":[{"href":"https:\/\/alphabet-igny.fr\/index.php?rest_route=\/wp\/v2\/pages"}],"about":[{"href":"https:\/\/alphabet-igny.fr\/index.php?rest_route=\/wp\/v2\/types\/page"}],"author":[{"embeddable":true,"href":"https:\/\/alphabet-igny.fr\/index.php?rest_route=\/wp\/v2\/users\/1"}],"replies":[{"embeddable":true,"href":"https:\/\/alphabet-igny.fr\/index.php?rest_route=%2Fwp%2Fv2%2Fcomments&post=1185"}],"version-history":[{"count":1,"href":"https:\/\/alphabet-igny.fr\/index.php?rest_route=\/wp\/v2\/pages\/1185\/revisions"}],"predecessor-version":[{"id":1187,"href":"https:\/\/alphabet-igny.fr\/index.php?rest_route=\/wp\/v2\/pages\/1185\/revisions\/1187"}],"wp:attachment":[{"href":"https:\/\/alphabet-igny.fr\/index.php?rest_route=%2Fwp%2Fv2%2Fmedia&parent=1185"}],"curies":[{"name":"wp","href":"https:\/\/api.w.org\/{rel}","templated":true}]}}